m + 4*w + 5. Suppose -4*d - 12 = -m*d. Suppose 0 = 4*s - 3*o - 105, d*o - 174 + 4 = -5*s. What is the tens digit of s?
3
Suppose 0 = -10*n + 23072 - 622. What is the units digit of n?
5
Suppose 5*a - 4*x - 32 = 0, 5*x = 5*a - 53 + 18. Suppose 5 = l + a*l. Suppose l = -o + 20. What is the tens digit of o?
1
Let w = -2 + 13. Suppose -15 = -v - 2*v. Suppose v*r - w = -1. What is the units digit of r?
2
Let s(x) = 27*x**2 - 78*x + 14. What is the tens digit of s(14)?
1
Suppose -v = -3*w + 11, 5*w - 29 = -v - 0*v. Suppose 4*x - 63 = w*l + 374, 3*x - 5*l - 324 = 0. What is the tens digit of x?
1
Let a(u) be the second derivative of -u**4/12 - 8*u**3/3 - 8*u**2 - 16*u. What is the tens digit of a(-14)?
1
Suppose 3*n + 4714 = w - 541, 2*w - n - 10530 = 0. What is the tens digit of w?
6
Suppose -d - 137 = -2*x, -2*x = x + d - 203. What is the tens digit of x?
6
Let q(r) = -3*r + 6. Let x(a) = -5*a - 1. Let p(i) = -6*i - 1. Let f(z) = -4*p(z) + 5*x(z). Let n(u) = 15*f(u) - q(u). What is the tens digit of n(-6)?
5
Suppose 65 - 467 = -3*q. What is the units digit of q?
4
Suppose -n = k - 3, n - 31 = 3*k - 4*n. Let q = k + 2. Suppose q*p - 3*p + 24 = 0. What is the units digit of p?
8
Suppose -b = 2*y + 26, -54 = 4*y - 0*b + 3*b. Let v = 14 + y. What is the tens digit of 1/3*(v + 28)?
1
Let g(c) be the first derivative of -81*c**2 - 2*c - 5. What is the hundreds digit of g(-1)?
1
Let m = 468 + -372. What is the tens digit of m?
9
What is the units digit of (-2016)/(-140)*55/2?
6
Let x = 32 - 30. What is the units digit of (-1 + x)*(-4 - -5)?
1
Suppose -270 = -0*w - 2*w. Suppose -10*c = -22*c - 1152. Let u = c + w. What is the units digit of u?
9
Let j(z) be the third derivative of z**6/120 + 7*z**5/30 + 5*z**4/12 + 5*z**3/3 + 12*z**2. What is the units digit of j(-13)?
9
Suppose 0 = 3*n + 5*c - 117, c + 127 = 3*n + 28. Let z be (-633)/(-33) - (-8)/(-44) - -4. Let k = n - z. What is the units digit of k?
1
Suppose 2744*f - 2734*f = 14890. What is the thousands digit of f?
1
What is the units digit of 2 + 37911/11 + (-72)/(-132)?
9
Suppose 0 = n - 93 - 189. Let o = n + -193. What is the units digit of o?
9
Let l(u) = -9*u**3 - u**2 - u - 1. Suppose -8 = -2*c + 6. Suppose -4*z + 3 = c. What is the units digit of l(z)?
8
Let q(k) = -83*k - 228. What is the tens digit of q(-21)?
1
Suppose 63 + 42 = -5*l. Let i = 44 + l. What is the tens digit of i?
2
What is the hundreds digit of 18/2*9178/234?
3
Suppose 0*m - 105 = -m. Suppose -f - m = -6*f. What is the tens digit of f?
2
Let j = 588 - 153. What is the tens digit of j?
3
Let f be -2 - -2 - (-1 - -21). Let i be 8/20 - 212/f. Suppose -q - i = -33. What is the tens digit of q?
2
Let v(i) = -i**3 + 16*i**2 + 28*i - 93. What is the tens digit of v(17)?
9
Let f(s) = -s**2 + 3*s - 5. Let i(w) be the first derivative of w - 3. Let d(l) = -f(l) + i(l). What is the tens digit of d(4)?
1
Suppose -14*g - 12717 = -41767. What is the tens digit of g?
7
Let w(n) = n**2 + 2*n + 4. Let a be ((-28)/(-10))/((-18)/(-45)). Let o be 12/10*(-35)/a. What is the tens digit of w(o)?
2
Let a be 0 + 0 - (-1 - -1). Suppose -4*y + y + 600 = a. What is the tens digit of y?
0
Let t be ((-570)/(-10))/((-1)/(-7)). Suppose -2*k + t = 5*k. Suppose -k = -2*b + 33. What is the units digit of b?
5
Let d(s) = -s**2. Let t be d(-4). Let v = 16 + t. Suppose -34 = -v*c - 2*c - 4*z, -5*z + 29 = c. What is the units digit of c?
9
Let h = 12 + -15. Let p = h + 56. What is the units digit of p?
3
Suppose -145*v = -136*v - 21906. What is the units digit of v?
4
Let s(u) = 70*u**2 + 5*u + 2. Let z be s(-1). Suppose -107 = -g + z. What is the tens digit of g?
7
Suppose 0 = -18*v + 9607 + 24413. What is the thousands digit of v?
1
Suppose 3*m - 4690 = 10*a - 14*a, -5*a = 10. What is the units digit of m?
6
Let b be 1827/(-12) + (-3)/4. Let a be (34/b)/(1/(-9)). Suppose 266 = 4*c - p, -3*p - 81 = a*c - 207. What is the units digit of c?
6
Suppose 0 = -2*f - f - 12, -4*f - 1015 = -3*i. What is the hundreds digit of i?
3
Let a be 4/(48/177) - (-6)/(-8). Suppose l = 4*i + 66, -a = -5*i + 6. What is the units digit of l?
2
Let b(r) = -33*r - 3. Let u be b(-10). Let y = u - 517. What is the units digit of (-48)/(-32) - y/4?
9
Suppose -2*h + 1247 = 5*y + 84, 3*h - 696 = -3*y. What is the tens digit of y?
3
Suppose 137*n - 146*n + 10098 = 0. What is the thousands digit of n?
1
Suppose -4*h = -9*h + 15. Suppose 528 = h*n + n - 3*w, -3*w - 399 = -3*n. What is the tens digit of n?
2
Let k be (-3)/(3*3/48). Let h = -21 - k. What is the tens digit of (4*-1)/(h/15)?
1
Let m(l) = -l**2 - 14*l - 11. Let h be m(-9). Let a be (-4)/h - 70/(-17). What is the tens digit of 1 - 1 - (-136)/a?
3
What is the thousands digit of 18464/7 - (-2)/35*5?
2
What is the tens digit of (-1)/(-5) - 257925/(-375)?
8
Let m be (-4)/(-14) - 52/(-14). Suppose -n + m*r + 8 = r, -n = -4*r - 13. Let p(k) = k**2 + 6*k - 4. What is the units digit of p(n)?
3
Let n(p) = -p**3 - 6*p**2 - 8*p + 4. Let a be (-124)/(-24) - 3/18. Suppose -18 = -a*x - 48. What is the tens digit of n(x)?
5
Suppose 0 = 5*g + 169 + 86. What is the hundreds digit of (-2)/6 - 6545/g?
1
Let r(y) = 16*y - 28. Let x be r(3). Suppose 128 = 3*i + x. What is the tens digit of i?
3
Let f(b) = -4*b - 9 - b + 4*b. Let w = 198 + -210. What is the units digit of f(w)?
3
Suppose -32*z = -131282 - 3374. What is the units digit of z?
8
Let g = 2 - -3. Suppose 3*a + 10 = a + 5*b, g*a + 3*b - 6 = 0. What is the units digit of -2*(-33)/6 + a?
1
What is the units digit of (-812045)/(-520) - 3/(-8)?
2
Suppose -18*f + 17*f = -4. Suppose -5*v + o = -16, -f - 12 = -4*o. What is the tens digit of (38 - (v - 1)) + -2?
3
What is the units digit of 3 - ((-43)/(-2))/(14/(-28))?
6
Suppose 53 = 5*z - 4*d, -4*z + 2*z + 16 = d. Suppose p + 3 = -3*u + 18, 3*u - z = -3*p. Suppose 15 + u = 3*h. What is the units digit of h?
7
Suppose m = -m - 8, 12 = 4*o - m. Suppose -5*k = 4*v - 606, -124 = -k - o*v + 4*v. What is the units digit of k?
2
What is the hundreds digit of 7 + 72051/28 - (-1)/(-4)?
5
Let l be -4 + 5*(-12)/(-10). Let z(w) = 11*w**3 - 2*w**2 + w - 4. What is the units digit of z(l)?
8
Suppose 5*y + 602 = o - 1078, 0 = 4*o - 3*y - 6754. What is the tens digit of o?
9
Let d(a) be the third derivative of a**4/24 + a**3/6 + 5*a**2. Let r be d(3). Suppose r*u = 57 + 27. What is the tens digit of u?
2
Let a = -1 + 13. Let o = -7 + a. What is the units digit of (-40)/(-50) + 1/o?
1
Let m = -87 - -95. Let w be (-2)/(-3)*1*3. What is the tens digit of ((-155)/(-20))/(w/m)?
3
Suppose 5395 = 3*q - 5*m - 2501, m - 3 = 0. What is the units digit of q?
7
Let w(o) = -o**3 - 4*o - 3. Let u be w(-2). Let g(l) = -l**3 + 12*l**2 + 17*l - 11. What is the units digit of g(u)?
1
Let p be 9/(-2)*(5 - 1). Let h(j) = -j**2 - 5*j - 8. Let z be h(-6). Let w = z - p. What is the units digit of w?
4
Suppose 5*f - 6*f - 3 = 0. What is the units digit of f - ((-3)/1 - 48)?
8
Let o(y) = 51*y + 4. Let r be o(1). Suppose -4*j - 12 = 0, 472 = 5*g + j + r. What is the units digit of g?
4
Suppose 0 = -653*l + 658*l + 15. Suppose 0 = 3*j - 136 - 254. What is the tens digit of j/l*(-27)/18?
6
Let g(r) = 6*r**2 - 27*r - 10. What is the units digit of g(-12)?
8
Let n(y) = y**2 + 22*y + 1. Let i be n(-23). Suppose 21*h = i*h - 627. What is the units digit of h?
9
Let j(y) = 37*y - 27. Let m be j(11). Suppose 13*d - m = 8*d. What is the tens digit of d?
7
Let k = 20 + -68. Let a = k + 65. What is the units digit of a?
7
Let f(q) = q - 2*q - 7 + 28*q**2 + 3*q + 2*q. What is the tens digit of f(3)?
5
Suppose -2*w - 1 = -9. Suppose w*q + q = -5. What is the units digit of 9/(-3) + (-29)/q?
6
Let p = -4287 + 7444. What is the tens digit of p?
5
Suppose -4*g = 2*z - 5434, -5*g = -0*g + 5*z - 6805. Suppose d + 5*d - g = 0. What is the tens digit of d?
2
Let h(f) = f**3 + 9*f**2 - 8*f - 13. Let p be h(-10). Let i be (2 + p/6)*2. Let v(q) = -q**3 - 8*q**2 - 6*q + 11. What is the units digit of v(i)?
4
Suppose 4*l = -4, 3*m + 2*l - 1457 = -2*l. What is the tens digit of m?
8
What is the tens digit of (-43)/((1/2)/((-1)/1))?
8
Let p = 131 - 81. Suppose -5*s + y - p = -4*y, 0 = 4*s - y + 34. What is the units digit of (-1 + -5)*s/3?
6
Let k(v) = -v**2 + 11*v. Let z be k(10). Let q = z + -2. Suppose -s + q 